{"id":1722,"date":"2017-08-13T15:49:46","date_gmt":"2017-08-13T15:49:46","guid":{"rendered":"http:\/\/www.colegioseducare.com.br\/v4\/?page_id=1722"},"modified":"2021-08-26T16:13:53","modified_gmt":"2021-08-26T16:13:53","slug":"ensino-medio-2","status":"publish","type":"page","link":"https:\/\/www.colegioseducare.com.br\/v4\/ensino-medio-2\/","title":{"rendered":"Ensino M\u00e9dio"},"content":{"rendered":"<p>[vc_row][vc_column][vc_column_text]<strong>Objetivos Gerais do &nbsp;Curso de Ensino M\u00e9dio:<\/strong><\/p>\n<ul>\n<li>A consolida\u00e7\u00e3o e o aprofundamento dos conhecimentos adquiridos no ensino fundamental, possibilitando o prosseguimento dos estudos e o ingresso no mercado de trabalho.<\/li>\n<li>A prepara\u00e7\u00e3o b\u00e1sica para o trabalho e a cidadania do educando, para continuar aprendendo, de modo a ser capaz de se adaptar com flexibilidade&nbsp; a novas condi\u00e7\u00f5es de ocupa\u00e7\u00e3o ou aperfei\u00e7oamento posteriores.<\/li>\n<li>Aprimoramento do educando como pessoa humana, incluindo a forma\u00e7\u00e3o \u00e9tica e o desenvolvimento da autonomia intelectual e do pensamento cr\u00edtico.<\/li>\n<li>A compreens\u00e3o dos fundamentos cient\u00edfico-tecnol\u00f3gicos dos processos produtivos, relacionando a teoria com a pr\u00e1tica, no ensino de cada disciplina.<\/li>\n<\/ul>\n<p>[\/vc_column_text][\/vc_column][\/vc_row][vc_row][vc_column width=&#8221;1\/2&#8243;][vc_column_text]O Ensino M\u00e9dio tem por objetivo a consolida\u00e7\u00e3o e o aprofundamento dos conhecimentos adquiridos no Ensino Fundamental, possibilitando o prosseguimento de estudos, mediante a compreens\u00e3o dos fundamentos cient\u00edficos- tecnol\u00f3gicos dos processos produtivos, relacionando a teoria com a pr\u00e1tica, no ensino de cada disciplina.<br \/>\nA grade curricular \u00e9 composta por:<\/p>\n<ul>\n<li>L\u00edngua Portuguesa<\/li>\n<li>Matem\u00e1tica<\/li>\n<li>Geografia<\/li>\n<li>Hist\u00f3ria<\/li>\n<li>Biologia<\/li>\n<li>Qu\u00edmica<\/li>\n<li>F\u00edsica<\/li>\n<li>Ingl\u00eas<\/li>\n<li>Espanhol<\/li>\n<li>Filosofia<\/li>\n<li>Sociologia<\/li>\n<li>Artes e Educa\u00e7\u00e3o F\u00edsica[\/vc_column_text][\/vc_column][vc_column width=&#8221;1\/2&#8243;][vc_column_text]<span class=\"im\"><span class=\"im\"><b><i>DIFERENCIAL DO EDUCARE<\/i><\/b><\/span><\/span>Com o ensino de elevado n\u00edvel e um n\u00famero limitado de alunos por sala, oferecemos um aprendizado rico em conhecimentos e totalmente individualizado.Priorizamos um ambiente harmonioso e familiar, mantendo contato permanente com os pais dos nossos alunos.Os professores mantem uma proximidade peculiar com os alunos, num relacionamento de amizade e respeito.\n<ul>\n<li>Ingl\u00eas diferenciado<\/li>\n<li>Treinamento esportivo<\/li>\n<li>Jud\u00f4<\/li>\n<li>Jazz<\/li>\n<li>T\u00eanis de mesa<\/li>\n<li>Dama<\/li>\n<li>Xadrez<\/li>\n<li>Refor\u00e7o escolar<\/li>\n<li>Jogos esportivos<\/li>\n<li>Projeto de produ\u00e7\u00e3o de texto e leitura<\/li>\n<li>Desafio matem\u00e1tico<\/li>\n<li>Campeonatos educacionais<\/li>\n<li>Atividades de vida pr\u00e1tica e interdisciplinar.<\/li>\n<\/ul>\n<p>[\/vc_column_text][\/vc_column][\/vc_row][vc_row][vc_column][vc_empty_space height=&#8221;40px&#8221;][\/vc_column][\/vc_row][vc_row][vc_column width=&#8221;1\/3&#8243;][vc_custom_heading text=&#8221;ENSINO M\u00c9DIO&#8221; font_container=&#8221;tag:h3|text_align:left&#8221; google_fonts=&#8221;font_family:Montserrat%3Aregular%2C700|font_style:400%20regular%3A400%3Anormal&#8221;][vc_column_text]O Ensino M\u00e9dio tem por objetivo a consolida\u00e7\u00e3o e o aprofundamento dos conhecimentos adquiridos no Ensino Fundamental, possibilitando o prosseguimento de estudos.[\/vc_column_text][vc_btn title=&#8221;Leia Mais&#8221; style=&#8221;flat&#8221; shape=&#8221;round&#8221; color=&#8221;juicy-pink&#8221; link=&#8221;url:http%3A%2F%2Fwww.colegioseducare.com.br%2Fv4%2Fensino-medio-2%2F|title:Ensino%20M%C3%A9dio||&#8221;][\/vc_column][vc_column width=&#8221;1\/3&#8243;][vc_custom_heading text=&#8221;ENSINO FUNDAMENTAL&#8221; font_container=&#8221;tag:h3|text_align:left&#8221; google_fonts=&#8221;font_family:Montserrat%3Aregular%2C700|font_style:400%20regular%3A400%3Anormal&#8221;][vc_column_text]Assegurar ao aluno a forma\u00e7\u00e3o comum, indispens\u00e1vel para participar como cidad\u00e3o na vida em sociedade, fornecendo-lhe meios de progredir no trabalho e em estudos posteriores.<\/p>\n<p>[\/vc_column_text][vc_btn title=&#8221;Leia Mais&#8221; shape=&#8221;round&#8221; color=&#8221;juicy-pink&#8221; link=&#8221;url:http%3A%2F%2Fwww.colegioseducare.com.br%2Fv4%2Fensino-fundamental-2%2F|title:Ensino%20Fundamental||&#8221;][\/vc_column][vc_column width=&#8221;1\/3&#8243;][vc_custom_heading text=&#8221;MISS\u00c3O VIS\u00c3O E VALORES EDUCARE&#8221; font_container=&#8221;tag:h3|text_align:left&#8221; google_fonts=&#8221;font_family:Montserrat%3Aregular%2C700|font_style:400%20regular%3A400%3Anormal&#8221;][vc_column_text]<\/p>\n<p style=\"text-align: left;\">O Col\u00e9gio Educare visa proporcionar \u00e0 crian\u00e7a e pr\u00e9-adolescente, o saber sentir, o saber inovar, o saber refletir, o saber fazer, o saber ser cr\u00edtico e o saber ser \u00e9tico.<\/p>\n<p>[\/vc_column_text][vc_btn title=&#8221;Leia Mais&#8221; style=&#8221;flat&#8221; shape=&#8221;round&#8221; color=&#8221;juicy-pink&#8221; link=&#8221;url:http%3A%2F%2Fwww.colegioseducare.com.br%2Fv4%2Fmissaoevalores%2F|title:MISS%C3%83O%20Miss%C3%A3o%20e%20Valores||&#8221;][\/vc_column][\/vc_row][vc_row][vc_column][vc_column_text]<\/li>\n<\/ul>\n<p>[\/vc_column_text][\/vc_column][\/vc_row]<\/p>\n","protected":false},"excerpt":{"rendered":"<p>[vc_row][vc_column][vc_column_text]Objetivos Gerais do &nbsp;Curso de Ensino M\u00e9dio: A consolida\u00e7\u00e3o e o aprofundamento dos conhecimentos adquiridos no ensino fundamental, possibilitando o prosseguimento dos estudos e o ingresso no mercado de trabalho. A prepara\u00e7\u00e3o b\u00e1sica para o trabalho e a cidadania do educando, para continuar aprendendo, de modo a ser capaz de se adaptar com flexibilidade&nbsp; a [&hellip;]<\/p>\n","protected":false},"author":1,"featured_media":0,"parent":0,"menu_order":0,"comment_status":"closed","ping_status":"closed","template":"","meta":{"ngg_post_thumbnail":0},"_links":{"self":[{"href":"https:\/\/www.colegioseducare.com.br\/v4\/wp-json\/wp\/v2\/pages\/1722"}],"collection":[{"href":"https:\/\/www.colegioseducare.com.br\/v4\/wp-json\/wp\/v2\/pages"}],"about":[{"href":"https:\/\/www.colegioseducare.com.br\/v4\/wp-json\/wp\/v2\/types\/page"}],"author":[{"embeddable":true,"href":"https:\/\/www.colegioseducare.com.br\/v4\/wp-json\/wp\/v2\/users\/1"}],"replies":[{"embeddable":true,"href":"https:\/\/www.colegioseducare.com.br\/v4\/wp-json\/wp\/v2\/comments?post=1722"}],"version-history":[{"count":10,"href":"https:\/\/www.colegioseducare.com.br\/v4\/wp-json\/wp\/v2\/pages\/1722\/revisions"}],"predecessor-version":[{"id":1727,"href":"https:\/\/www.colegioseducare.com.br\/v4\/wp-json\/wp\/v2\/pages\/1722\/revisions\/1727"}],"wp:attachment":[{"href":"https:\/\/www.colegioseducare.com.br\/v4\/wp-json\/wp\/v2\/media?parent=1722"}],"curies":[{"name":"wp","href":"https:\/\/api.w.org\/{rel}","templated":true}]}}

Ensino Médio

<p>[vc_row][vc_column][vc_column_text]<strong>Objetivos Gerais do &nbsp;Curso de Ensino Médio:</strong></p>
<ul>
<li>A consolidação e o aprofundamento dos conhecimentos adquiridos no ensino fundamental, possibilitando o prosseguimento dos estudos e o ingresso no mercado de trabalho.</li>
<li>A preparação básica para o trabalho e a cidadania do educando, para continuar aprendendo, de modo a ser capaz de se adaptar com flexibilidade&nbsp; a novas condições de ocupação ou aperfeiçoamento posteriores.</li>
<li>Aprimoramento do educando como pessoa humana, incluindo a formação ética e o desenvolvimento da autonomia intelectual e do pensamento crítico.</li>
<li>A compreensão dos fundamentos científico-tecnológicos dos processos produtivos, relacionando a teoria com a prática, no ensino de cada disciplina.</li>
</ul>
<p>[/vc_column_text][/vc_column][/vc_row][vc_row][vc_column width=&#8221;1/2&#8243;][vc_column_text]O Ensino Médio tem por objetivo a consolidação e o aprofundamento dos conhecimentos adquiridos no Ensino Fundamental, possibilitando o prosseguimento de estudos, mediante a compreensão dos fundamentos científicos- tecnológicos dos processos produtivos, relacionando a teoria com a prática, no ensino de cada disciplina.<br />
A grade curricular é composta por:</p>
<ul>
<li>Língua Portuguesa</li>
<li>Matemática</li>
<li>Geografia</li>
<li>História</li>
<li>Biologia</li>
<li>Química</li>
<li>Física</li>
<li>Inglês</li>
<li>Espanhol</li>
<li>Filosofia</li>
<li>Sociologia</li>
<li>Artes e Educação Física[/vc_column_text][/vc_column][vc_column width=&#8221;1/2&#8243;][vc_column_text]<span class="im"><span class="im"><b><i>DIFERENCIAL DO EDUCARE</i></b></span></span>Com o ensino de elevado nível e um número limitado de alunos por sala, oferecemos um aprendizado rico em conhecimentos e totalmente individualizado.Priorizamos um ambiente harmonioso e familiar, mantendo contato permanente com os pais dos nossos alunos.Os professores mantem uma proximidade peculiar com os alunos, num relacionamento de amizade e respeito.
<ul>
<li>Inglês diferenciado</li>
<li>Treinamento esportivo</li>
<li>Judô</li>
<li>Jazz</li>
<li>Tênis de mesa</li>
<li>Dama</li>
<li>Xadrez</li>
<li>Reforço escolar</li>
<li>Jogos esportivos</li>
<li>Projeto de produção de texto e leitura</li>
<li>Desafio matemático</li>
<li>Campeonatos educacionais</li>
<li>Atividades de vida prática e interdisciplinar.</li>
</ul>
<p>[/vc_column_text][/vc_column][/vc_row][vc_row][vc_column][vc_empty_space height=&#8221;40px&#8221;][/vc_column][/vc_row][vc_row][vc_column width=&#8221;1/3&#8243;][vc_custom_heading text=&#8221;ENSINO MÉDIO&#8221; font_container=&#8221;tag:h3|text_align:left&#8221; google_fonts=&#8221;font_family:Montserrat%3Aregular%2C700|font_style:400%20regular%3A400%3Anormal&#8221;][vc_column_text]O Ensino Médio tem por objetivo a consolidação e o aprofundamento dos conhecimentos adquiridos no Ensino Fundamental, possibilitando o prosseguimento de estudos.[/vc_column_text][vc_btn title=&#8221;Leia Mais&#8221; style=&#8221;flat&#8221; shape=&#8221;round&#8221; color=&#8221;juicy-pink&#8221; link=&#8221;url:http%3A%2F%2Fwww.colegioseducare.com.br%2Fv4%2Fensino-medio-2%2F|title:Ensino%20M%C3%A9dio||&#8221;][/vc_column][vc_column width=&#8221;1/3&#8243;][vc_custom_heading text=&#8221;ENSINO FUNDAMENTAL&#8221; font_container=&#8221;tag:h3|text_align:left&#8221; google_fonts=&#8221;font_family:Montserrat%3Aregular%2C700|font_style:400%20regular%3A400%3Anormal&#8221;][vc_column_text]Assegurar ao aluno a formação comum, indispensável para participar como cidadão na vida em sociedade, fornecendo-lhe meios de progredir no trabalho e em estudos posteriores.</p>
<p>[/vc_column_text][vc_btn title=&#8221;Leia Mais&#8221; shape=&#8221;round&#8221; color=&#8221;juicy-pink&#8221; link=&#8221;url:http%3A%2F%2Fwww.colegioseducare.com.br%2Fv4%2Fensino-fundamental-2%2F|title:Ensino%20Fundamental||&#8221;][/vc_column][vc_column width=&#8221;1/3&#8243;][vc_custom_heading text=&#8221;MISSÃO VISÃO E VALORES EDUCARE&#8221; font_container=&#8221;tag:h3|text_align:left&#8221; google_fonts=&#8221;font_family:Montserrat%3Aregular%2C700|font_style:400%20regular%3A400%3Anormal&#8221;][vc_column_text]</p>
<p style="text-align: left;">O Colégio Educare visa proporcionar à criança e pré-adolescente, o saber sentir, o saber inovar, o saber refletir, o saber fazer, o saber ser crítico e o saber ser ético.</p>
<p>[/vc_column_text][vc_btn title=&#8221;Leia Mais&#8221; style=&#8221;flat&#8221; shape=&#8221;round&#8221; color=&#8221;juicy-pink&#8221; link=&#8221;url:http%3A%2F%2Fwww.colegioseducare.com.br%2Fv4%2Fmissaoevalores%2F|title:MISS%C3%83O%20Miss%C3%A3o%20e%20Valores||&#8221;][/vc_column][/vc_row][vc_row][vc_column][vc_column_text]</li>
</ul>
<p>[/vc_column_text][/vc_column][/vc_row]</p>

<p>[vc_row][vc_column][vc_column_text]Objetivos Gerais do &nbsp;Curso de Ensino Médio: A consolidação e o aprofundamento dos conhecimentos adquiridos no ensino fundamental, possibilitando o prosseguimento dos estudos e o ingresso no mercado de trabalho. A preparação básica para o trabalho e a cidadania do educando, para continuar aprendendo, de modo a ser capaz de se adaptar com flexibilidade&nbsp; a [&hellip;]</p>
